 common factor of 70 and s.
14
Let l be (-2 + -4)*1/(-2). Suppose 0 = 4*v + 3*i - 11, l*v - 4*v + 1 = -i. Suppose -4*w = -2 - v. What is the highest common factor of w and 2?
1
Suppose k - 510 = -5*k. What is the greatest common factor of 34 and k?
17
Let k be 4*(10/4)/(-5). Let v be (-9 - -4)/(2/k). What is the highest common divisor of v and 55?
5
Let u be -2 + 0 + (-34)/(-2). Let p be 17 + (0 - -1) + -4 + 1. What is the greatest common factor of p and u?
15
Let x = -17 - -6. Let m be (-19 - -1)*x/22. What is the greatest common divisor of 9 and m?
9
Suppose 112 = 8*l - 0*l. Calculate the highest common divisor of l and 28.
14
Let x(s) = -3*s**2 - 54*s + 3. Let a be x(-18). Calculate the greatest common divisor of a and 2.
1
Let b = 11 + -44. Let g = -19 - b. Suppose 3*m - g = 10. Calculate the greatest common divisor of 64 and m.
8
Let v = 3 + -1. Let z(j) = -j**3 + 11*j**2 + j + 5. Let q be z(11). What is the highest common factor of q and v?
2
Let p(m) = m**3 - 6*m**2 + 11*m - 9. Let q be p(7). Let a be ((-26)/3)/(2/(-3)). Calculate the highest common factor of a and q.
13
Let d = -2 - -23. Calculate the highest common divisor of d and 7.
7
Suppose 2*z - 90 = -q, -4*z + 174 = -5*q + 4*q. Suppose 0 = 2*p - 4*x - 34, -3*x - x - 23 = -p. What is the greatest common factor of p and z?
11
Let u(q) = q**2 + q - 3. Let g be u(3). Let j = 79 - -11. Suppose j = -6*s + 11*s. What is the greatest common factor of s and g?
9
Let r be -1*4/4 - -7. Let b(i) = -i**2 + 8*i - 9. Let g be b(6). Suppose -g*u - 2*f + 6 = -6, -u = 2*f. What is the greatest common factor of r and u?
6
Let j be 40/12*9/2. Suppose 3*n - 5*n + 6 = 0. Suppose -7*o + 40 = -n*o. What is the highest common factor of j and o?
5
Let x(w) = 10*w. Let t be x(1). Suppose -4*o - 3*r = -264, r - 41 = -o + 24. Let g = o + 1. What is the greatest common divisor of g and t?
10
Let u = -103 + 184. Suppose 5*c + 75 = 3*t, -3*t + t + 30 = -2*c. Let f = c + 24. What is the highest common factor of u and f?
9
Let k(y) = -y**3 - 8*y**2 + 8*y - 5. Let i be k(-9). Suppose -8 = -i*l - 0*l. Suppose -l*t + 37 = -123. What is the greatest common factor of t and 16?
16
Let p = -38 + 66. What is the greatest common divisor of 4 and p?
4
Suppose -41 = 5*z - 106. What is the highest common factor of 26 and z?
13
Let i be 4 + ((-8)/(-2))/(-2). What is the greatest common factor of i and 6?
2
Suppose -2*b - 80 = -2*j - 7*b, 5*j + 4*b = 166. Calculate the highest common divisor of 2 and j.
2
Suppose 0 = 5*n + 59 - 164. What is the greatest common divisor of 147 and n?
21
Let f = 7 - 3. Suppose 0 = f*b - 3*b - 5*w + 3, -b = w - 21. Let h = -7 + b. What is the greatest common divisor of 25 and h?
5
Let o(k) = k**3 - 3*k**2 - k + 2. Let l be o(3). Let h be (l/(-2))/(5/(-30)). Let a be 21/1 - 1*h. What is the highest common divisor of a and 12?
12
Let o = -25 - -28. What is the greatest common divisor of 3 and o?
3
Let z be (-2 - 2*-6)*2. What is the greatest common divisor of 20 and z?
20
Suppose -2*q = 3*p - 63, 4*q - 24 = -5*p + 101. What is the highest common factor of 45 and q?
15
Let i = -42 + 257. Calculate the greatest common factor of i and 86.
43
Let l be (1/(-3))/((-2)/42). Suppose l*c = 2*c - 3*k - 178, -c = -k + 34. Let t be c/(-4) - 3/(-12). Calculate the highest common divisor of 99 and t.
9
Let n = -3 - -2. Let s be 1 - n/(0 - -1). Let f(u) = -4*u - 2. Let r be f(-4). Calculate the greatest common factor of r and s.
2
Suppose 7*y - 5*u = 3*y, y + 7 = 3*u. Suppose 2*o - 5*b - 43 + 4 = 0, -y*b - 51 = -3*o. Calculate the highest common divisor of 8 and o.
4
Suppose 6*n - 16 - 200 = 0. Calculate the greatest common factor of n and 252.
36
Let j = 60 - 48. Let l = 86 - 154. Let k = 164 + l. Calculate the greatest common factor of j and k.
12
Let b(t) = -t + 4. Let o be b(0). Let a be (3/12)/(1/o). Let h be 12/5*5/a. Calculate the highest common factor of 108 and h.
12
Let k(m) = m**2 - 5*m + 2. Let x be k(5). Let y be 2/(-3)*(-2 - 1). What is the greatest common factor of y and x?
2
Let z(p) = p**2 + 2*p + 3. Let u be z(-5). Let g(t) = -8*t**2 + 3*t - 2. Let c be g(1). Let s = c + u. What is the greatest common factor of 55 and s?
11
Let a be (69/6)/((-2)/(-20)). Let r = a - 43. What is the greatest common divisor of r and 8?
8
Suppose 0 = -v - 25 + 78. What is the greatest common divisor of v and 424?
53
Suppose -5*b = -79 + 19. Let r(f) = 21*f**2. Let w be r(-2). Calculate the highest common factor of b and w.
12
Suppose 3*a + a - 344 = 0. Let y = -52 + a. Suppose 3*p - 25 = -j, 4*j = -4*p - 6 + y. What is the greatest common factor of 54 and p?
9
Let k(u) = -28*u + 8. Let p(i) = i**3 + 5*i**2 + 5*i - 2. Let w be p(-4). Let j be k(w). Calculate the greatest common divisor of 16 and j.
16
Suppose 2*k + z = -2*k + 11, 4*z = 12. Suppose -k*f = 2*f + 4. Let p(h) = 8*h**2 + h + 1. Let i be p(f). What is the greatest common factor of 4 and i?
4
Let u = -1 + -9. Let t be (-178)/(-26) + u/(-65). Calculate the greatest common factor of t and 28.
7
Let t(m) = 5*m. Let w be t(2). Let g be 2/4*0/(-2). Suppose -443 = -4*n + 5*p - 58, n - 2*p - 100 = g. What is the highest common divisor of w and n?
10
Let v = 203 + -135. Suppose 0 = -t + 2, -2*t - 3*t - v = -3*z. Calculate the highest common factor of 13 and z.
13
Suppose 6*j - 2*j = 140. Let u(a) = a**2 + 2*a + 4. Let z be u(-3). Calculate the highest common divisor of j and z.
7
Let w(k) = -2*k**2 + 8*k + 3. Suppose -16 = -2*s - 2*z + z, 2*s + 5*z - 32 = 0. Let l be w(s). Let r = l - -49. Calculate the greatest common factor of 4 and r.
4
Let z(f) = f + 3. Let m be z(4). Let u be (2/4 - 0)*154. Calculate the greatest common factor of m and u.
7
Suppose 0 = 4*c - 5*g - 300, 4*g + 13 + 62 = c. Let m(f) = f**2 + 3*f. Let b be m(-5). Suppose 2*t - b - 20 = 0. What is the greatest common divisor of t and c?
15
Let s be (-4)/6*18/(-3). Suppose -3*l + 4 = -2*p, -3*l = 4*p - 23 + 67. Let b = -2 - p. Calculate the highest common factor of b and s.
2
Let c = 8 - 12. Let r be 122/8 + c/16. What is the highest common factor of 60 and r?
15
Let u be (-4)/10 + (-60)/(-25). Let g be (-11)/(-9) - u/9. Calculate the highest common divisor of 7 and g.
1
Let g = 5 + -9. Let h be (242/g)/(4/(-8)). Calculate the highest common divisor of h and 11.
11
Let d = 2 + 10. Calculate the greatest common factor of 60 and d.
12
Let b(p) = 3*p**2 - 4*p - 2. Let z be b(6). Let i = z - 22. Let n be 0 + (3 - 0)*5. Calculate the greatest common divisor of i and n.
15
Let g be -2*(1 - 2 - -7). Let n be (g/30)/((-2)/180). Calculate the highest common factor of 9 and n.
9
Suppose k + 71 = 3*o - 213, 0 = 2*o + 3*k - 204. Calculate the greatest common factor of 12 and o.
12
Let q(x) = -x**3 + 5*x**2 - 5*x + 3. Let h be q(3). Calculate the highest common divisor of h and 66.
6
Suppose 5*d = d - 4*q, q = -5*d. Let j be 2*32 + d/(-1). Let w be j + (2 - (-3)/(-3)). What is the highest common factor of w and 13?
13
Suppose -2*z + 3*f = 4*f, -2*z + 2*f = -12. Let n be (1 - (2 - 2)) + 1. Calculate the greatest common factor of n and z.
2
Let f = 17 - 14. Let d be -1 + f + 2*15. What is the greatest common divisor of 16 and d?
16
Let z = 307 + -65. What is the greatest common divisor of 22 and z?
22
Suppose 2*f = 2*i - 7*i + 71, -3*f + 5*i = -69. Calculate the greatest common factor of f and 98.
14
Suppose 8*q = 9*q - 5. What is the greatest common divisor of 35 and q?
5
Let p be 3 - (-7)/((-7)/(-33)). What is the greatest common divisor of 12 and p?
12
Let y = 146 + -21. Suppose -45 + y = 5*h. Let p be h/(((-4)/(-6))/1). What is the highest common divisor of 6 and p?
6
Let q be 75/9 - 6/(-9). Calculate the greatest common divisor of 36 and q.
9
Let k = -14 - -18. Suppose -37 - 27 = -k*s. Calculate the greatest common factor of 16 and s.
16
Let r = -47 + 97. Let y be 4/(-14) - (-144)/14. Calculate the greatest common divisor of r and y.
10
Let w(k) = -5*k - 1. Let r be w(-2). Let c = 33 - 51. Let n be c*6/4*-3. What is the highest common divisor of r and n?
9
Let k = 386 - 133. What is the greatest common divisor of 23 and k?
23
Let l(w) = -4*w. Let p be l(-1). Suppose r - d + 542 = 4*r, 2*r - 368 = -p*d. What is the highest common divisor of 20 and r?
20
Suppose -z + 0*w = 3*w + 8, -3*z = 2*w - 4. Let x be